when 88 is divided by 80?
8
Calculate the remainder when 64 is divided by 33.
31
What is the remainder when 743 is divided by 729?
14
What is the remainder when 173 is divided by 29?
28
Calculate the remainder when 218 is divided by 112.
106
Calculate the remainder when 16110 is divided by 123.
120
Calculate the remainder when 4498 is divided by 60.
58
What is the remainder when 559 is divided by 176?
31
Calculate the remainder when 31 is divided by 3.
1
What is the remainder when 695 is divided by 143?
123
Calculate the remainder when 16555 is divided by 45.
40
Calculate the remainder when 136 is divided by 53.
30
Calculate the remainder when 321 is divided by 14.
13
What is the remainder when 734 is divided by 41?
37
Calculate the remainder when 6230 is divided by 145.
140
Calculate the remainder when 2545 is divided by 425.
420
Calculate the remainder when 1897 is divided by 10.
7
Calculate the remainder when 55 is divided by 41.
14
What is the remainder when 309 is divided by 75?
9
Calculate the remainder when 687 is divided by 115.
112
Calculate the remainder when 123174 is divided by 173.
171
What is the remainder when 1934 is divided by 1921?
13
Calculate the remainder when 682 is divided by 36.
34
Calculate the remainder when 429 is divided by 26.
13
What is the remainder when 350 is divided by 73?
58
Calculate the remainder when 230 is divided by 13.
9
Calculate the remainder when 163 is divided by 63.
37
What is the remainder when 161 is divided by 53?
2
Calculate the remainder when 1220 is divided by 94.
92
What is the remainder when 2328 is divided by 26?
14
What is the remainder when 171 is divided by 18?
9
What is the remainder when 271 is divided by 39?
37
What is the remainder when 2463 is divided by 137?
134
Calculate the remainder when 34 is divided by 5.
4
What is the remainder when 28 is divided by 6?
4
Calculate the remainder when 94 is divided by 15.
4
Calculate the remainder when 82 is divided by 46.
36
What is the remainder when 253 is divided by 22?
11
Calculate the remainder when 88 is divided by 25.
13
Calculate the remainder when 35239 is divided by 263.
260
Calculate the remainder when 492 is divided by 167.
158
Calculate the remainder when 258 is divided by 10.
8
Calculate the remainder when 2291 is divided by 144.
131
What is the remainder when 112 is divided by 56?
0
What is the remainder when 24 is divided by 7?
3
What is the remainder when 1245 is divided by 32?
29
Calculate the remainder when 190 is divided by 154.
36
What is the remainder when 763 is divided by 86?
75
Calculate the remainder when 320 is divided by 164.
156
Calculate the remainder when 699 is divided by 6.
3
Calculate the remainder when 678 is divided by 182.
132
What is the remainder when 265 is divided by 63?
13
Calculate the remainder when 1321 is divided by 45.
16
What is the remainder when 547 is divided by 10?
7
Calculate the remainder when 2461 is divided by 314.
263
What is the remainder when 129 is divided by 49?
31
What is the remainder when 5552 is divided by 101?
98
What is the remainder when 296 is divided by 103?
90
Calculate the remainder when 2967 is divided by 32.
23
Calculate the remainder when 51 is divided by 16.
3
What is the remainder when 37 is divided by 10?
7
Calculate the remainder when 512 is divided by 9.
8
Calculate the remainder when 514 is divided by 122.
26
Calculate the remainder when 25 is divided by 24.
1
Calculate the remainder when 95 is divided by 84.
11
What is the remainder when 20992 is divided by 100?
92
Calculate the remainder when 1777 is divided by 21.
13
What is the remainder when 1490 is divided by 150?
140
Calculate the remainder when 409 is divided by 38.
29
Calculate the remainder when 231 is divided by 6.
3
Calculate the remainder when 701 is divided by 32.
29
What is the remainder when 101 is divided by 22?
13
Calculate the remainder when 307 is divided by 64.
51
What is the remainder when 493 is divided by 9?
7
What is the remainder when 3092 is divided by 773?
0
What is the remainder when 530 is divided by 513?
17
Calculate the remainder when 71 is divided by 5.
1
Calculate the remainder when 229 is divided by 21.
19
What is the remainder when 68 is divided by 39?
29
What is the remainder when 292 is divided by 79?
55
Calculate the remainder when 39 is divided by 21.
18
Calculate the remainder when 771 is divided by 32.
3
What is the remainder when 79 is divided by 27?
25
Calculate the remainder when 1891 is divided by 44.
43
Calculate the remainder when 4092 is divided by 65.
62
What is the remainder when 125 is divided by 43?
39
Calculate the remainder when 384 is divided by 35.
34
What is the remainder when 664 is divided by 134?
128
Calculate the remainder when 358 is divided by 80.
38
Calculate the remainder when 1306 is divided by 69.
64
Calculate the remainder when 1105 is divided by 272.
17
Calculate the remainder when 197 is divided by 22.
21
Calculate the remainder when 865 is divided by 212.
17
Calculate the remainder when 199 is divided by 29.
25
Calculate the remainder when 163 is divided by 33.
31
Calculate the remainder when 346 is divided by 30.
16
Calculate the remainder when 80 is divided by 34.
12
What is the remainder when 489 is divided by 48?
9
Calculate the remainder when 2465 is divided by 246.
5
Calculate the remainder when 2811 is divided by 60.
51
What is the remainder when 719 is divided by 24?
23
Calculate the remainder when 208 is divided by 90.
28
Calculate the remainder when 1446 is divided by 27.
15
Calculate the remainder when 14761 is divided by 107.
102
Calculate the remainder when 41 is divided by 21.
20
What is the remainder when 7435 is divided by 437?
6
What is the remainder when 150 is divided by 8?
6
What is the remainder when 517 is divided by 20?
17
Calculate the remainder when 1821 is divided by 341.
116
What is the remainder when 109 is divided by 16?
13
Calculate the remainder when 194 is divided by 14.
12
Calculate the remainder when 164 is divided by 56.
52
What is the remainder when 101 is divided by 48?
5
Calculate the remainder when 605 is divided by 22.
11
Calculate the remainder when 3147 is divided by 210.
207
Calculate the remainder when 63 is divided by 33.
30
Calculate the remainder when 4374 is divided by 22.
18
What is the remainder when 933 is divided by 23?
13
Calculate the remainder when 191 is divided by 16.
15
What is the remainder when 1725 is divided by 15?
0
What is the remainder when 195 is divided by 7?
6
What is the remainder when 897 is divided by 226?
219
What is the remainder when 587 is divided by 48?
11
What is the remainder when 867 is divided by 174?
171
Calculate the remainder when 1403 is divided by 1400.
3
What is the remainder when 984 is divided by 13?
9
What is the remainder when 516 is divided by 492?
24
Calculate the remainder when 182 is divided by 99.
83
What is the remainder when 2680 is divided by 18?
16
What is the remainder when 480 is divided by 214?
52
Calculate the remainder when 1688 is divided by 559.
11
What is the remainder when 6432 is divided by 45?
42
What is the remainder when 4667 is divided by 27?
23
What is the remainder when 789 is divided by 30?
9
What is the remainder when 217 is divided by 57?
46
What is the remainder when 415 is divided by 17?
7
Calculate the remainder when 76 is divided by 39.
37
Calculate the remainder when 4846 is divided by 24.
22
Calculate the remainder when 4544 is divided by 5.
4
What is the remainder when 51 is divided by 5?
1
What is the remainder when 24 is divided by 5?
4
Calculate the remainder when 135 is divided by 134.
1
What is the remainder when 23 is divided by 8?
7
What is the remainder when 125 is divided by 16?
13
Calculate the remainder when 44 is divided by 14.
2
Calculate the remainder when 812 is divided by 17.
13
What is the remainder when 210 is divided by 6?
0
Calculate the remainder when 189 is divided by 25.
14
Calculate the remainder when 225 is divided by 6.
3
Calculate the remainder when 45 is divided by 16.
13
What is the remainder when 1510 is divided by 314?
254
Calculate the remainder when 286 is divided by 67.
18
Calculate the remainder when 703 is divided by 14.
3
Calculate the remainder when 3358 is divided by 1085.
103